 Let q be (-6)/(-8)*4/3. Let s(k) = 5*k**2 - k**3 + 5*k + q - k + 4*k. Determine s(m).
13
Let i(p) be the third derivative of -p**4/24 - p**3/2 - p**2. Let y(c) = -18*c**2 - 86*c + 15. Let l be y(-5). Give i(l).
2
Suppose 0 = -p + 3, 0 = -i + 4*i + 2*p. Let b be (i/(-6))/(1/(-18)). Let t(d) = -4*d - 1. Let m(h) = 5*h. Let a(w) = 3*m(w) + 4*t(w). Give a(b).
2
Let n(x) = -6*x**3 - 2*x**2 - x. Let m = 776 - 777. Calculate n(m).
5
Let i(l) be the third derivative of 0*l + 1/3*l**3 - l**2 + 0 - 7/24*l**4. Let q be (-15)/(-9) - (-4)/12. Calculate i(q).
-12
Let g(a) = -5*a**2 - 7*a - 13. Let n(r) = -r**2 - r - 1. Let t(f) = -g(f) + 6*n(f). Give t(4).
-5
Suppose i - k + 3*k - 20 = 0, -4*k = -20. Let w(a) = a**2 + a - 2. Let h be w(-3). Let l(j) = 26*j - i*j - 15*j - h + 15. Calculate l(-5).
6
Let r(p) = 4*p + 0*p**2 - 6 - p**2 + p + 3*p. Suppose -3*g = -n + 9, 12 = -5*n + 4*g + 46. Calculate r(n).
6
Let w(j) = -j**3 + 6*j**2 + 4*j - 7. Let h(r) = r**2 - 21*r - 436. Let n be h(-13). Determine w(n).
17
Let w(o) be the second derivative of -o**4/6 + o**3/6 + o**2/2 + 247*o. Calculate w(-1).
-2
Let y(d) = -3*d**3 + 14*d**2 - 11*d + 1. Let f(n) = -8*n**3 + 29*n**2 - 22*n + 2. Let g(b) = -2*f(b) + 5*y(b). Calculate g(-13).
-25
Let t(p) be the second derivative of -p**5/20 + 5*p**4/6 + p**3/6 - 7*p**2 - p - 281. What is t(10)?
-4
Let i(z) = -2*z + 13. Let v(n) = -3*n**3 - 4*n**2 - n - 2. Let u be v(-2). Give i(u).
-3
Suppose 4*a - 2*w = 2, 3*a = a - 5*w + 7. Let d(c) = -5*c + 39 - 3*c + 2*c - 40. Give d(a).
-7
Suppose -14*d + 61 = -23. Let p(k) be the third derivative of -1/120*k**d + 0*k + k**2 + 1/15*k**5 + 0 + 1/2*k**3 - 1/6*k**4. Calculate p(2).
3
Let t(j) = 4*j**3 - 9*j**2 + 14*j + 1 - 3*j - j - 5*j**3. Let q be t(-10). Let s(w) = q - 6*w - 2 - w**2 + 10. Give s(-7).
2
Let s(n) = -7*n + 1. Let q(x) = 7*x + 50. Let y be q(-7). Calculate s(y).
-6
Suppose 0 = -s + 2 - 4. Let u = 26 - 24. Let a(n) = 2*n - 7*n**2 + 8*n**2 + 3 - 2*n**u. Determine a(s).
-5
Let c(s) = -5*s - 3*s**2 - 1 + 4*s - 5*s**2 + 9*s**2. Let q be c(-3). Let x(i) = i**3 - 10*i**2 - 10*i - 4. Calculate x(q).
7
Let o(s) be the second derivative of -s**3/6 - 9*s**2/2 - 274*s. Suppose 5*d = -4*i + 24, -2*i + 6*i = -16. Let r = 3 - d. Determine o(r).
-4
Let a(s) = s**2 - 5*s - 11. Suppose -2*j + 24 = 2*j. Give a(j).
-5
Let w(f) = -f**2 + 11*f - 11. Let c(t) = t + 19. Let a be c(-9). Let j be w(a). Let l(y) = 5*y**2 - 1. What is l(j)?
4
Let x = 1 + 4. Suppose -2*k = 4*b + 22, 5*b - 6*b - 10 = x*k. Let y(l) = -7*l**2 + l**2 + 4*l**3 - 6*l + 3 - 5*l**3. Give y(b).
8
Let x(s) be the third derivative of -s**5/60 - s**4/8 + s**3/2 - 2*s**2. Let o = 528 - 533. Determine x(o).
-7
Let w(g) be the second derivative of 1/6*g**3 + 0*g**2 + 2*g + 1/12*g**4 + 0 + 1/360*g**6 + 1/20*g**5. Let j(z) be the second derivative of w(z). What is j(-5)?
-3
Let l(k) = k**3 - 6*k**2 + 3. Let c be ((-42)/(-24))/(4/(-16)). Let b(t) = t + 13 + t - t. Let m be b(c). What is l(m)?
3
Let q(o) = 23*o - 3*o**2 - 10*o - 8*o**2 - 12*o. Calculate q(1).
-10
Let k(s) = -522 - s**2 + 515 + 2*s**2 + 6*s. What is k(5)?
48
Let y(p) = -2*p - 36. Let o be y(-15). Let d(c) = -6*c**2 + 7*c - 4. Let r(u) = -7*u**2 + 8*u - 5. Let l(a) = o*d(a) + 5*r(a). Calculate l(3).
2
Let p(z) be the second derivative of z**3/6 - 9*z**2/2 - z. Let c be (8/7)/(236/826). What is p(c)?
-5
Let i(v) = -v + 17. Let d be (-2)/23 - 11451/(-759). Determine i(d).
2
Suppose -7 - 8 = -3*p. Let s(a) = a**2 - 2*a - 2. Let d(m) = 2*m**2 - 3*m - 2. Let o(r) = -2*d(r) + 5*s(r). What is o(p)?
-1
Let m(t) = -t**2 + 3*t + 8. Let f(d) = d**2 - 4*d - 10. Let r(v) = 3*f(v) + 4*m(v). What is r(0)?
2
Let t(h) = h - 1. Suppose 12 = 5*w + 2. Let i(s) = s - w*s - 3 - s. Let m(l) = i(l) + 4*t(l). What is m(5)?
3
Let r(l) = 5*l**3 - 2*l**2 - l - 2. Let k be 10/6 + (-2)/(-6). What is r(k)?
28
Let q = -32 + 17. Let x(k) = -k**3 - 13*k**2 + 14*k - 3. Let g be x(-14). Let w be ((-10)/(-25))/(g/q). Let c(d) = d**3 - 4*d**2 - 3*d + 3. Calculate c(w).
-11
Let k be ((-4)/(-6))/((-112)/168). Let a(s) = 2 - 1 + s**3 + 0*s**3 + s + s**2. Let b(f) = f**3 + 8*f**2 + 2*f - 5. Let t(l) = k*b(l) + 2*a(l). What is t(6)?
7
Suppose -5*q = -6*q - 3. Let a(f) = -f**2 - 3*f - 1. Let w be a(q). Let y = 7 - w. Let n(j) = -j**2 + 8*j + 3. Calculate n(y).
3
Let y(p) be the second derivative of -p**4/12 + 3*p**3/2 - p**2/2 - p. What is y(10)?
-11
Suppose 0 = -5*k - 2*k. Let b(h) be the first derivative of -7 - 5*h + k*h**2 + 1/3*h**3. Calculate b(0).
-5
Let w(s) = -2*s**2 - s - 6. Let u(l) = l. Let y(b) = -3*b**2 - 7. Let h(x) = 2*u(x) - y(x). Let k(i) = -3*h(i) - 4*w(i). Give k(-4).
-5
Let u = -6 + 11. Let y(a) = -11*a**2 - 2*a - 19. Let t(g) = 2*g**2 + 2. Let i(r) = -6*t(r) - y(r). Calculate i(u).
-8
Let h(y) = -5*y + y - 1 - y + 8*y. Suppose 5*i - 15 = -5. Suppose 6 = i*w + w. Determine h(w).
5
Let g(s) = 15*s + 3 + 3*s**2 + 14*s - 25*s - s**2. Calculate g(-2).
3
Let g(n) = 26*n**2 - 25*n - 13. Let l(r) = 6*r**2 + r + 1. Let i(o) = g(o) - 4*l(o). Determine i(15).
-2
Let j(u) = -u**2 - 10*u + 16. Suppose 3*d + w = 3*w + 65, -4*d - w = -105. Suppose -4*h - 19 = d. Give j(h).
5
Let p = -3 - -5. Let w(l) = -11*l + 3 + 18 - 18. What is w(p)?
-19
Let y(h) = 5*h - 4. Let g(a) = 3*a - 2. Let f(i) = -7*g(i) + 4*y(i). Let o be f(-4). Let c(z) be the second derivative of -z**5/20 + 18*z. Calculate c(o).
-8
Suppose -b + 0*b - 8 = -3*d, -2*b + 17 = 5*d. Let x(m) = d*m + 7*m - 14*m - 3. What is x(3)?
-15
Let a = 51 - 58. Let q = a - -6. Let b(w) = w**2 - 1 + 6*w**3 + 0*w**2 - w - 4*w**3. Calculate b(q).
-1
Suppose 0 = -3*l + 4*j + 3, 1 = l + 4*j - 0*j. Let o be (-7)/(l + (-2 - 0 - 0)). Let k(t) = -t**2 + 6*t - 3. Determine k(o).
-10
Let c(u) = -431 + u**2 + 435 + 5*u + 0*u**2. Calculate c(-4).
0
Let s be -1*5*8/20. Let u(p) = -3*p**2 + p - 6. Let k(a) = -6*a**2 + 2*a - 11. Suppose 0 = 5*j - 81 + 26. Let g(t) = j*u(t) - 6*k(t). Give g(s).
14
Let c(i) = 2*i**3 + 28*i**2 - i - 9. Let r be c(-14). Let s(y) = 7*y - 3. Give s(r).
32
Let q(s) be the second derivative of s**4/3 + 2*s**3/3 + s**2/2 - 8*s + 10. Give q(-3).
25
Let n(t) = -3 + 1 - 8 - 4*t + 3. Determine n(3).
-19
Let c(u) = -u**2 + u. Let p(n) = 4*n**2 - 9*n. Let f(t) = -3*c(t) - p(t). Suppose b = 8*b - 42. Determine f(b).
0
Let o(k) = -32 - 28*k + 14 + 33*k - k**2 + 15. Determine o(4).
1
Let i be (-345)/45 + (0 - -8). Let p(t) be the second derivative of 10*t - i*t**3 + 0 - 1/6*t**4 + 2*t**2. What is p(-3)?
-8
Suppose 15 = 43*i - 38*i. Let n(g) = 2*g + 3. Determine n(i).
9
Suppose 3*b + 12 = 2*f - 1, b = 4*f - 1. Let l(g) = 3*g**2 - g. What is l(f)?
4
Let f(r) = -16*r**2 - 19*r - 41. Suppose 73 - 18 = -5*j. Let a(p) = -3*p**2 - 4*p - 8. Let k(o) = j*a(o) + 2*f(o). Determine k(-4).
-2
Let i(r) = -14*r**3 - 4*r**2 - 22*r + 2. Let t(b) = -6*b**3 - 2*b**2 - 12*b + 1. Let h(p) = 6*i(p) - 11*t(p). Determine h(-1).
17
Suppose -4*p + 4*p - p = 0. Suppose 2*q = -3*f - p*f - 21, 32 = -4*q - 4*f. Let a(s) = s**3 + s**2 - 5*s - 3. Calculate a(q).
-6
Suppose -11 = 2*y + 2*d - 1, 0 = -3*y - 5*d - 25. Suppose -t - t = y. Let x(c) = -4*c**2 + 3*c**2 - 12 - 394*c + 393*c. Determine x(t).
-12
Let n(p) be the third derivative of p**4/8 - 80*p**2. Suppose -20 = 5*t, t + 6 + 6 = 2*r. Determine n(r).
12
Let z(l) = 3*l**3 - 2*l**2 - 38*l - 4. Let c(t) = 7*t**3 - 3*t**2 - 92*t - 10. Let q(k) = 2*c(k) - 5*z(k). Let d be ((-1)/2)/((-1)/10). Give q(d).
5
Let i(t) = 3*t - 25. Suppose -11*v + 15*v - 40 = 5*g, v + 2*g = 10. Calculate i(v).
5
Let n(f) = -2*f**3 - 7*f - 2*f**3 + 2*f**3 + f**3 - 2122*f**2 + 2116*f**2 - 6. Give n(-6).
36
Let m(f) be the first derivative of f**4/4 - f**3 - 5*f**2/2 - 2*f - 86. Determine m(4).
-6
Suppose 0*c = -c + 4. Let i(g) be the first derivative of -g**3/6 - 5*g**2/2 - 4*g + 3. Let a(o) be the first derivative of i(o). Determine a(c).
-9
Let y(i) be the first derivative of -i**4/4 - i**3/3 - i**2 - i - 5. What is y(-2)?
7
Let u(n) = -n + 9. Let a be u(5). Let l(r) = 3*r - 6. Let y(d) = -1. Let s(q) = -l(q) + 3*y(q). Let i(f) = f - 1. Let t(v) = 6*i(v) + s(v). What is t(a)?
9
Let j = 511/3 + -170. Let m(g) be the second derivative of g**2 + j*g**3 + 2*g + 0. Determine m(-6).
-10
Let b(p) = -3*p - 4. Let l be b(-3). Suppose -3*z + j + 5 = -5, -4*z = -l*j - 17. 